3. Let t be u(3). Let m be x(t). Suppose 3*f = -m*n + 3172, 2*n - f = 3*f + 1274. Is n prime?
False
Is ((-177046)/(-1))/((-46)/(-92) + 2/4) a composite number?
True
Let q(z) = z**3 + 21*z**2 - 9*z + 11. Let v be q(19). Suppose 2*f - 5*b = 7143, 4*f - v = 3*b + b. Suppose -5*i + 966 = -f. Is i a prime number?
True
Let a(x) = -x**3 - 6*x**2 + 2*x + 20. Let u(g) = 8*g + 49. Let v be u(-7). Is a(v) composite?
True
Suppose a + 5*y - 23 = 0, 5*a - 21*y + 20*y = 63. Suppose 17*z - a*z - 57092 = 0. Is z a prime number?
False
Suppose -4*l - 3*x + 14062 = 0, -49*x = 4*l - 45*x - 14060. Suppose -21*b + l = u - 16*b, u + 2*b - 3517 = 0. Is u a composite number?
False
Suppose 2*b - 40737 = -0*b + 5*y, -2*b + 3*y + 40731 = 0. Suppose 22*j - 25*j = -b. Is j composite?
True
Suppose -78*h + 55 = -73*h. Suppose h*b + 19*b - 380670 = 0. Is b composite?
False
Let z(b) = b**2 + 9*b + 23. Let l be z(-6). Suppose 0*d = -4*d + i + 10001, -3*i + 12514 = l*d. Is d prime?
False
Suppose 3*l + 0*l = -4*x + 203, 5*x = -5*l + 255. Suppose 4*t - x = 266. Suppose 4*u - 1341 = t. Is u a composite number?
True
Suppose 5*i - 3*l = 52, -14*i + 17*i + 5*l = 4. Suppose 17 = i*c - 87. Suppose 0 = -3*v + c*v - 1630. Is v composite?
False
Let s(l) = l**2 - 4*l + 3. Let a be s(4). Suppose a*d - 34 = -b, -5*d = -2*b - 0*d + 112. Let i = 855 + b. Is i composite?
True
Let y(v) = -5*v**3 + 5*v**2 + 3*v. Let z be y(-1). Is (z/21)/(1/177) a prime number?
True
Let z = -128 - -128. Let w(b) = z - 4 + 70*b**2 + b + 4. Is w(1) a prime number?
True
Let y be 1 - -5 - -4*1/(-2). Suppose l - 5*l = y*f - 20836, 0 = -3*f. Is l prime?
True
Suppose -21 = -7*w + 4*w, -w = 3*m - 2752024. Is m composite?
True
Suppose 199*c - 6953414 + 20170382 = 223*c. Is c prime?
False
Let n(p) = 91*p**2 - 20*p - 265. Is n(-9) composite?
True
Let i be 36/4 + -6 + (-9)/(-3). Suppose 0 = 4*w - i*w + 16602. Suppose -w = d - 4*d. Is d prime?
True
Let l be (-2474)/(6 + -4 + -4). Let w = 124 + l. Is w a composite number?
False
Suppose 304*n - 16863 = 311*n. Suppose -4*p + 4*y - 4584 = 0, 5*y + 2148 + 172 = -2*p. Let c = p - n. Is c composite?
False
Suppose 0*r = -r - 5, -5*r + 115953 = 2*z. Suppose -70931 - z = -40*n. Is n prime?
False
Is (-21)/(-3)*-1 - (-16 + -73070) a prime number?
True
Suppose -2*i + 14 = 4*d + i, 6 = 2*d + i. Let u = 0 + 5. Suppose 5*p - 99 + 2069 = 5*w, -d*p = -u*w + 1961. Is w a composite number?
True
Let p(x) = -x**2 - 7*x + 8. Let l be p(-8). Suppose z - 890 = n, 10*n - 8*n + 2 = l. Is z prime?
False
Suppose -2*a = -3*r + 194369, 4*r - 82599 = -4*a + 176593. Is r a prime number?
True
Let k = -29 + 31. Suppose r = -2*u - 2, -6 = 5*u + k*r - 1. Is 629 + u + 23 + -20 prime?
True
Let j(c) = -97*c**3 + 68*c**2 + 48*c - 302. Is j(-25) a prime number?
True
Let w be (-21784)/(-40) - 6/10. Let x = w + -426. Is x a prime number?
False
Suppose -242888 - 416152 = -32*f. Suppose -16*a - f = -31*a. Is a a composite number?
False
Is ((1/12*3)/1)/((-464)/(-128830528)) prime?
False
Let p(o) = -o**3 - 9*o**2 - 15*o - 1. Let t be p(-7). Suppose 7*k = t*k + 5. Suppose -5*r + a = -6999, k*a + 2403 - 6580 = -3*r. Is r a composite number?
False
Suppose 4*m + 2*s - 88600 = 207988, 0 = -m - 3*s + 74137. Is m composite?
False
Let v(k) = -k**3 + 12*k**2 + 24*k + 51. Let f be v(14). Is 4081 + -3 - (3 - (-15)/f) composite?
True
Let u be 22/187 - 49/(-17). Suppose 0 = -2*d + 5*d - 5*h - 315, 409 = 4*d - u*h. Suppose -173 = -3*a + d. Is a prime?
False
Let q = 1087839 + -46286. Is q a composite number?
False
Let s(a) = -a**2 - 2*a + 12. Let z be s(-5). Let d be z/9 - (-1298)/6. Let v = d - 101. Is v composite?
True
Suppose 329*u - 323*u - 36 = 0. Let g(q) = 124*q + 9. Let k(x) = 248*x + 17. Let f(n) = -7*g(n) + 4*k(n). Is f(u) a composite number?
True
Is ((-6)/(-15) - (-12616014)/240) + 3/(-24) a prime number?
True
Is 21109955/41 - (-46)/943 composite?
True
Suppose -5*x - 12 = w, -5*x = -4*w + 2*w + 21. Let v be -1*(x/(-2))/(21/56). Is v*(-199)/3 + (-5)/15 prime?
False
Let t(x) = 381*x**2 - 22*x + 33. Is t(2) composite?
True
Suppose -3*l + 7211 = -10528. Suppose -5*g + k = -29565, -g = -0*g - k - l. Suppose g = 6*u - 2469. Is u prime?
False
Let i = -491 - -532. Suppose 12516 = 3*k - 3*n, i*k + 16683 = 45*k - 5*n. Is k a prime number?
True
Let c(j) = -8116*j + 2137. Is c(-16) a prime number?
False
Let i(b) = 12*b - 7. Let v be i(1). Suppose 0 = 2*q - 3*z - 14332, 6*q + v*z = q + 35830. Is q a prime number?
False
Let v(d) = 29*d - 143. Let w be v(5). Suppose 3*a + h - 128379 = 0, 128379 = 3*a - w*h - 2*h. Is a prime?
True
Suppose -3*g - 4*n + 251709 = 0, 2*n = -2*n. Is g prime?
True
Suppose -4*f - 2*u + 134 = 0, -3 = 3*f - 4*u - 87. Is (-211761)/(-12) + 8/f a prime number?
False
Suppose 41*j - 19526983 = -3*j - 35*j. Is j composite?
True
Suppose 32*s - 18*s = 341796 + 321398. Is s prime?
False
Let o = -31 + 33. Suppose x + x + 3*a - 1572 = 0, -o*x + a + 1564 = 0. Suppose -4*r + 3925 = -x. Is r composite?
True
Let u(n) = 2 + 218*n - 168*n - 4*n**3 - 15*n**2 + 13 - 2. Is u(-14) composite?
False
Is 225237*1*(-174)/(-522) a prime number?
True
Suppose -9*m + 6*m = v + 7720, -10 = -2*m. Let z = 1744 - v. Is z a composite number?
False
Let i(n) = -n**3 - 4*n**2 + 9*n - 35. Suppose -180 = 16*y - 4*y. Is i(y) composite?
True
Let v(u) = 5*u**3 - 7*u**3 - 9 + 3*u**3 - u**2 + 5*u. Suppose -13 = -2*z + 3*c - 1, 0 = c. Is v(z) prime?
False
Suppose -2*u = 5*z - 2653824, -2 = 86*z - 85*z. Is u prime?
True
Is (10 - 12) + 72934/4*48 + 1 a prime number?
False
Let f = -63 - -73. Is (40086 - -4)/5*5/f a prime number?
False
Let w(z) = 506*z + 100. Let u be w(10). Let i = u + -3503. Is i a composite number?
False
Suppose -8*l - 1895 + 775 = 0. Let n = l + 119. Is (-7)/n - 2588/(-3) composite?
False
Suppose 2*j - 172 = -74. Is j a composite number?
True
Suppose -37493277 - 11514578 = -65*o. Is o a composite number?
True
Suppose 3*m - 21 - 45 = 0. Suppose 2*r - 6 = -0, -5*v - r - m = 0. Is (-1)/v + (-1 - (-639)/5) prime?
True
Suppose 5 = -3*v + 5*u, -v = -u + 4 - 5. Suppose 221 - 4606 = -v*i. Is i composite?
False
Let o(j) = 96*j - 5. Let p(n) = 1 + 25 + 1 - 1 - 481*n. Let t(u) = -11*o(u) - 2*p(u). Is t(-5) a prime number?
False
Let c be 610*2*12/(-30)*5. Let j = 5829 + c. Is j a composite number?
False
Let r be (4 + 2)/2*352/(-3). Let y be 64/r - 55488/(-22). Let s = y - 563. Is s a prime number?
False
Suppose 5*t + 4*g = 8, 10 = -6*t + 10*t + 2*g. Suppose -2*u + 42 = u. Suppose -t*b = -u*b + 12110. Is b a composite number?
True
Let s(o) = o**3 - 19*o**2 + o - 18. Let d be s(19). Is (-3 + d/1)*1471/(-2) prime?
True
Suppose 0*w = 7*w. Suppose w = -3*t + 13*t - 19600. Suppose t = 7*j - 679. Is j prime?
False
Is (-30136824)/(-89) - 1*(-2 - -9) prime?
True
Suppose 0 = -29*r + 18*r. Suppose 10*x - 10162 - 2008 = r. Is x prime?
True
Let p(c) = -4*c + 41. Let s be p(9). Suppose -26 = -2*y - 4*o - 0*o, -26 = -2*y - s*o. Suppose -14*v = -y*v - 1255. Is v prime?
False
Let w be (-51 + 52)/(((-1)/2)/1). Is 27138 - 2 - (w + -1) prime?
False
Let i be ((42/7)/12)/(1/54). Let l(m) = m**3 - 24*m**2 - 13*m - 1. Is l(i) composite?
True
Let q(f) = 2*f**2 - 15*f + 9. Let z be q(7). Suppose -4*l + z*l + 5105 = -j, -4*j - 10212 = -4*l. Suppose l + 1663 = 5*i. Is i composite?
True
Let k = 97 + -70. Let z = k - 25. Is (1/z)/(1/4) + 1397 prime?
True
Suppose -494 = -16*z + 18*z. Let r = -60 - z. Is r a composite number?
True
Suppose -s + 5*i + 183513 = 0, s - 80*i - 183495 = -84*i. Is s a prime number?
True
Suppose -10 = 4*n - 6*n, -3*n + 1966044 = 3*y. Is y a composite number?
True
Suppose 32*i + 44511 = 4*q + 35*i, -i + 1 = 0. Is q prime?
False
Let y(i) = -13*i**2 - 4*i - 11. Let l(a) = -7*a**2 - 2*a - 6. Let v(f) = 5*l(f) - 3*y(f). Suppose h + 17*h = -126. Is v(h) prime?
False
Let g = -49741 + 87224. Is g prime?
True
Let p(m) be the third derivative of -28*m**4 - 79*m**3/6 - 115*m**2. Is p(-9) composite?
True
Let i(o) = -9 - 17 - 26*o + 17 - o**2. Let f be i(-25). Is (0 - f/4) + (-1102)/(-2) a prime number?
True
Suppose 15459211 + 32756234 - 14604839 = 86*n. Is n prime?
True
Suppose -4*w + 4*l + 23040 = 0, 3*l - 4850 = 2*w - 16367. Let g = -4002 + w. Is g prime?
False
Let v = 0 + -4. Let s(p) = 300*p**2 - 11*p + 3. Let o(y) = 4*y. Let w(d) = 4*o(d) + s(d). Is w(v) a prime numbe